{"id":3512,"date":"2021-05-13T18:12:30","date_gmt":"2021-05-13T16:12:30","guid":{"rendered":"https:\/\/eco-pack.cl\/?page_id=3512"},"modified":"2021-08-24T23:09:21","modified_gmt":"2021-08-24T21:09:21","slug":"politicas-de-despacho","status":"publish","type":"page","link":"https:\/\/eco-pack.cl\/?page_id=3512","title":{"rendered":"Pol\u00edticas de despacho"},"content":{"rendered":"<p><strong>Despacho compras online<\/strong><\/p>\n<p>El plazo de entrega comienza una vez realizado el pago. Monto m\u00ednimo sobre CLP $50.000 para env\u00edos gratis dentro de Santiago.<\/p>\n<p>Retiro en tienda para compras inferiores al monto m\u00ednimo en nuestra bodega en Bidasoa 1331, Conchal\u00ed, Santiago.<\/p>\n<p>Los env\u00edos a regiones son por pagar. El destinatario es quien paga el valor despacho en el momento de la entrega de los productos.<\/p>\n<p><strong>Plazo de entrega<\/strong><\/p>\n<p>Regi\u00f3n Metropolitana: Despacho solo los d\u00edas h\u00e1biles (lunes a viernes, excepto feriados) de 09:00 a 19:00 horas. Tiempo de env\u00edo: 1-2 d\u00edas.<\/p>\n<p>Regiones: Las entregas se realizan de Lunes a S\u00e1bado (excepto feriados) de 09:00 a 19:00 horas. Tiempo de env\u00edo: Depende del operador de env\u00edos.<\/p>\n<p><strong>No recib\u00ed mi pedido<\/strong><\/p>\n<p>Si no recibiste tu pedido en el plazo estipulado, te pedimos que env\u00edes un mail a (contacto@eco-pack.cl) para verificar lo ocurrido.<\/p>\n","protected":false},"excerpt":{"rendered":"<p>Despacho compras online El plazo de entrega comienza una vez realizado el pago. Monto m\u00ednimo sobre CLP $50.000 para env\u00edos<\/p>\n","protected":false},"author":4,"featured_media":0,"parent":0,"menu_order":0,"comment_status":"closed","ping_status":"closed","template":"","meta":{"footnotes":""},"class_list":["post-3512","page","type-page","status-publish","hentry"],"_links":{"self":[{"href":"https:\/\/eco-pack.cl\/index.php?rest_route=\/wp\/v2\/pages\/3512","targetHints":{"allow":["GET"]}}],"collection":[{"href":"https:\/\/eco-pack.cl\/index.php?rest_route=\/wp\/v2\/pages"}],"about":[{"href":"https:\/\/eco-pack.cl\/index.php?rest_route=\/wp\/v2\/types\/page"}],"author":[{"embeddable":true,"href":"https:\/\/eco-pack.cl\/index.php?rest_route=\/wp\/v2\/users\/4"}],"replies":[{"embeddable":true,"href":"https:\/\/eco-pack.cl\/index.php?rest_route=%2Fwp%2Fv2%2Fcomments&post=3512"}],"version-history":[{"count":2,"href":"https:\/\/eco-pack.cl\/index.php?rest_route=\/wp\/v2\/pages\/3512\/revisions"}],"predecessor-version":[{"id":3791,"href":"https:\/\/eco-pack.cl\/index.php?rest_route=\/wp\/v2\/pages\/3512\/revisions\/3791"}],"wp:attachment":[{"href":"https:\/\/eco-pack.cl\/index.php?rest_route=%2Fwp%2Fv2%2Fmedia&parent=3512"}],"curies":[{"name":"wp","href":"https:\/\/api.w.org\/{rel}","templated":true}]}}